ist the prime factors of a(y).
2, 5
Let v(m) = m**3 + 13*m**2 + 13*m + 18. Let d be v(-12). Let s = d - -47. What are the prime factors of s?
53
Let m = -247 + 801. List the prime factors of m.
2, 277
Suppose 4*t - 3*x = 905, 0*t - 2*x + 890 = 4*t. List the prime factors of t.
2, 7
Let i(c) = -c**3 + 20*c**2 + 43*c - 32. What are the prime factors of i(10)?
2, 3, 233
Let j = 24 + -89. Let k = -10 - j. What are the prime factors of k?
5, 11
Let u = 1128 - 760. What are the prime factors of u?
2, 23
Suppose 0 = 3*k - 2*i - 3134, -5230 = -3*k - 2*k + 2*i. List the prime factors of k.
2, 131
Suppose 3 - 8 = -h. Suppose f - 5 = 0, f - h*f = -4*d + 284. Let i = 107 - d. List the prime factors of i.
31
Let i = 2953 + -1719. What are the prime factors of i?
2, 617
Suppose 4*r - 2*d = 3 - 11, -3*r = -d + 8. List the prime factors of 342/18*r/(-2).
2, 19
Let y(v) = 94*v + 2. Let x be y(1). Suppose -6*p + 7*p = x. What are the prime factors of p?
2, 3
Let j = 4 - 8. Let p(z) = z**3 + 16*z**2 + 2*z + 30. Let i be p(-16). What are the prime factors of (-2 + i)*37/j?
37
Let h = -25 + 16. List the prime factors of (67 - 1)*h/(-6).
3, 11
Let o(l) = -13*l - 19. Let w be (-289)/17 + (1 - -2). What are the prime factors of o(w)?
163
Let x(h) = h**3 + 8*h**2 + h + 10. Suppose 3*b - 4*b + 9 = 0. Suppose -65 + b = 7*g. List the prime factors of x(g).
2
Let j(r) = -r**2 + 6*r + 3. Let v be j(-7). Suppose -3*s + 680 = t - 6*t, 0 = 3*s. Let l = v - t. List the prime factors of l.
2, 3
Suppose -6 + 12 = 3*z. Suppose -4*f = 5*v - 46, 0 = v + z*v + 5*f - 38. What are the prime factors of v?
2, 3
Let c = 34 + -31. Let k(i) = -i**3 + i**2 - i. Let j(d) = -2*d**3 - 2*d**2 - 2*d + 1. Let g(t) = -j(t) + 3*k(t). What are the prime factors of g(c)?
2, 7
Let f(a) = -2*a + 16. Let q be f(6). Suppose -q*t + 168 = -100. List the prime factors of t.
67
Let q = 23 - 29. What are the prime factors of ((-9)/q)/(1/14)?
3, 7
Let t(w) = 77*w**2 + 8*w - 4. List the prime factors of t(3).
23, 31
Let j(s) = -4*s - 20. Let r be j(-5). Suppose 5*w - 6*w + 38 = r. List the prime factors of w.
2, 19
Let f be 75/12*-1*4. Let s = f + 38. What are the prime factors of s?
13
Let x(d) be the second derivative of -d**3/3 + 27*d**2 + 17*d - 2. What are the prime factors of x(-21)?
2, 3
Suppose 29*g = -11*g + 29600. List the prime factors of g.
2, 5, 37
Let x = 22 + -18. Let r be (-140)/63 + x/18. What are the prime factors of (-34 + -13)*2/r?
47
Let r be 10/(-4)*(-2 - 4). Let k = -15 + r. Suppose k = 12*w - 8*w - 84. List the prime factors of w.
3, 7
Suppose -58*p = 2*p - 45780. List the prime factors of p.
7, 109
Let u = 304 - 166. List the prime factors of u.
2, 3, 23
List the prime factors of 49/70*35*38.
7, 19
Let f = 2481 - -565. What are the prime factors of f?
2, 1523
Let z be 52/3*(-27)/(-6). Suppose 2*n - 4*h - z = 0, -5*n + 158 + 27 = -5*h. List the prime factors of n.
5, 7
Let c(l) = -l**2 + 1353. Let i be c(0). List the prime factors of ((-4)/(-6))/(11/i).
2, 41
Let a = -145 - -747. What are the prime factors of a?
2, 7, 43
Let t(b) = 7*b**2 + b. Let f be t(1). Let p be 3/(-2)*f/(-6). List the prime factors of 2/(p/1)*11.
11
Suppose 0 = 34*b - 39*b + 25. Suppose 2*m + 2*m - 210 = -b*r, 4*m - 84 = -2*r. List the prime factors of r.
2, 3, 7
Let l = 2702 + -944. What are the prime factors of l?
2, 3, 293
List the prime factors of 382 - ((-2)/7 + (-210)/(-49)).
2, 3, 7
Let d = -5 - -8. Suppose -r - 3*q + 33 = 0, -4*q = -d*r - 0*q + 138. List the prime factors of r.
2, 3, 7
Let v = 70 - 69. Let y(i) = 54*i**3 - 2*i**2 + 3*i - 2. What are the prime factors of y(v)?
53
Let y(o) = -2*o - 32. Let w be y(-15). List the prime factors of w/(4/(-92)*2).
23
Let o(w) = 5*w + 4. Let u be -66*(-1 - 4/(-2)). Let c be (-2)/(-5) + u/(-10). List the prime factors of o(c).
3, 13
Suppose -41*n + 49210 = -4*n. List the prime factors of n.
2, 5, 7, 19
Suppose 0 = 48*p - 33*p - 12975. What are the prime factors of p?
5, 173
Suppose -4*v = 3*u + u + 140, -2*u - 49 = -5*v. Let f = -13 - u. List the prime factors of f.
19
Let r = -94 - 33. Let c = -183 - r. Let x = c - -97. What are the prime factors of x?
41
Let q be (-7)/((-140)/24)*15/6. Suppose -q*u = -228 - 351. What are the prime factors of u?
193
Suppose 22*h = 26*h - 1888. What are the prime factors of h?
2, 59
Let g be (2/3)/((-8)/12). Let u be (-5)/15 - g/3. Suppose u = -3*w - 12 + 84. What are the prime factors of w?
2, 3
Suppose 3*w = 5 + 10. Suppose 0 = w*u - 64 + 9. List the prime factors of (u - 4) + 0 + -3.
2
Let r(x) = -2*x**2 - 6*x + 6. Let s be r(-6). Let v = s - -73. What are the prime factors of v?
43
Let d(q) = -214*q + 70. What are the prime factors of d(-10)?
2, 5, 13, 17
Suppose 12*t - 215 = 7*t. Let v = t - 30. Suppose -v = -5*w + 247. List the prime factors of w.
2, 13
Let k be (1 - 6)/(3 - (-336)/(-111)). Let d = 342 - k. What are the prime factors of d?
157
Let n(o) = 3*o**3 - o**2 + 3*o - 7. Let a be n(3). Let f = a - 14. List the prime factors of f.
2, 3, 5
Suppose -3*m = -j + 2*m - 16, 0 = -4*j - 3*m + 28. Let d be ((-8)/(-3))/((-22)/(-33)). Suppose -g + j*g = d*p + 150, 273 = 5*g + p. List the prime factors of g.
2, 3
Let x(f) = f**3 - 9*f**2 - 3*f + 1. Let t be x(10). Suppose -3*m = 2*a + 53, 0 = 3*m - 6*m + 5*a - 88. Let c = m + t. List the prime factors of c.
2, 5
Let b be 65/25 - 3/5. Suppose -v - b*l = l + 7, 0 = -2*v - 2*l + 2. Suppose v*k - 3*k - 12 = 0. List the prime factors of k.
2, 3
Suppose 0 = k + f - 191, 0 = -f + 5*f + 8. Suppose -k = -3*b - 4*n, 0*n - 4 = -n. List the prime factors of b.
59
Suppose -30 = 5*g - 5*j, 5*j - 27 = 2*g - 0*j. Let f be 3/(-9)*3*g. Let w = 7 + f. List the prime factors of w.
2
Suppose 0 = -4*m + 8*m. Let o be m/((6 + -2)/(-2)). Suppose o = -z + 12 + 41. What are the prime factors of z?
53
Suppose 5*b + 6*n - 16413 = 10*n, -4*b = -4*n - 13128. What are the prime factors of b?
3, 5, 73
Let g = 3333 - 1265. What are the prime factors of g?
2, 11, 47
Let y = -22 + 24. Suppose -69 = -4*c + 4*j + 15, y*j = 3*c - 66. Let p = -14 + c. What are the prime factors of p?
2, 5
Let r(m) = 21*m**3 - m**2 + 7*m. Let b(q) = 62*q**3 - 3*q**2 + 20*q. Let f(j) = 6*b(j) - 17*r(j). What are the prime factors of f(1)?
3, 5
Suppose -6*b + 5064 = -4*b + 2*q, 0 = 5*q + 25. What are the prime factors of b?
43, 59
List the prime factors of 3000/21 + 15/105.
11, 13
Suppose -4*r - 17 = -c, -r - 34 = -5*c + 2*r. Suppose -2*o + l = 39, 2*o + 29 = -c*l - 40. Let x = -11 - o. List the prime factors of x.
11
Suppose -10 = 8*t - 13*t. Let o be (0 - -2)/t*0. Suppose o = -3*g - 0*g + 60. List the prime factors of g.
2, 5
Let b = 635 - 302. List the prime factors of b.
3, 37
Let v(f) = -353*f**3 + 3*f**2 + 10*f + 3. List the prime factors of v(-2).
2819
Suppose 0 = 2*z - 3*u - 1920, -8*z + 2*u = -11*z + 2867. What are the prime factors of z?
3, 11, 29
Let i = 100 + -55. Let r be i/18*(-52)/(-5). Suppose 0 = -0*y + 2*y - r. List the prime factors of y.
13
Let m be 2/(4/(-6)) - 0. Let l = 1 + m. What are the prime factors of 35 + -3 + 2 + l?
2
Let d(z) be the first derivative of 7*z - 3 - 5/2*z**2 + 1/3*z**3. What are the prime factors of d(5)?
7
Suppose 3*f = 3371 + 3355. List the prime factors of f.
2, 19, 59
Suppose -107*y = -106*y - 306. List the prime factors of y.
2, 3, 17
Let y(m) be the first derivative of m**6/360 + m**5/40 + m**4/12 + 2*m**3 + 5. Let g(d) be the third derivative of y(d). What are the prime factors of g(-6)?
2, 5
Let p(q) = 86*q**3 + 9*q**2 - 58*q + 1. List the prime factors of p(4).
5417
Suppose 5*r + 1744 = 3*a, 3*a - 12*r = -8*r + 1745. List the prime factors of a.
11, 53
Suppose 0 = -2*b + 2*v + 36, 3*b - 3*v - 66 = -6*v. What are the prime factors of b?
2, 5
Suppose 0*i = 4*i + 2*s - 12, 0 = 5*i + 2*s - 14. Suppose 0 = -4*u + i*y + 426, 0*u + u - 3*y - 104 = 0. Let r = u + -56. List the prime factors of r.
3, 17
Let i(q) = -q**2 - 3*q + 26. Let p be i(-11). Let l = p - -110. List the prime factors of l.
2, 3
Let u = 1269 + -782. List the prime factors of u.
487
Let s = 351 - -15. What are the prime factors of s?
2, 3, 61
Let p be 3 + 10/(-2 + 7). Let f(h) = -67 + 66 + 0*h + p*h. List the prime factors of f(12).
59
Let a(j) = -39*j - 4. Let f be a(-4). What are the prime factors of f/(-12)*6/(-4)?
19
